alse
Is 10855787 a composite number?
False
Is 12989261 prime?
True
Is 6137319 a prime number?
False
Is 1098199 prime?
False
Is 13760121 prime?
False
Is 290506 prime?
False
Is 84349823 composite?
True
Is 291599043 a composite number?
True
Is 184128389 a composite number?
True
Is 423640829 composite?
False
Is 2332103 a composite number?
False
Is 26490599 composite?
False
Is 18703883 composite?
True
Is 890429 composite?
False
Is 291974317 a prime number?
True
Is 2451203 composite?
False
Is 677163202 composite?
True
Is 21721241 composite?
True
Is 12787349 prime?
False
Is 9593239 composite?
False
Is 197898899 composite?
True
Is 1799923 composite?
False
Is 2279827 prime?
False
Is 159202885 composite?
True
Is 1925117 a composite number?
False
Is 36091257 a prime number?
False
Is 892579 prime?
True
Is 30046997 a prime number?
False
Is 1373129 composite?
False
Is 11321369 a composite number?
True
Is 6138611 a composite number?
False
Is 15987953 a prime number?
True
Is 140527141 prime?
True
Is 245900191 a composite number?
False
Is 15591651 composite?
True
Is 8536373 composite?
True
Is 223485567 prime?
False
Is 1208747 composite?
True
Is 1629613 prime?
False
Is 2081279413 composite?
False
Is 4102718 a composite number?
True
Is 14147407 a prime number?
True
Is 30929467 a prime number?
True
Is 40607491 a prime number?
False
Is 72019 a composite number?
False
Is 27745381 prime?
True
Is 28957853 composite?
False
Is 14724181 prime?
True
Is 529253 a prime number?
False
Is 3605194 a composite number?
True
Is 8806337 a composite number?
False
Is 5214487 a prime number?
True
Is 23249189 composite?
False
Is 40371349 prime?
True
Is 129742871 a prime number?
False
Is 4517173 a composite number?
False
Is 5521021 a composite number?
True
Is 10913681 composite?
False
Is 9362057 composite?
False
Is 14043007 a prime number?
False
Is 1716599 composite?
False
Is 71210771 a prime number?
True
Is 3287917 prime?
True
Is 3022953 a composite number?
True
Is 260303647 a composite number?
False
Is 34606379 prime?
True
Is 1409017 a prime number?
True
Is 3823321 a composite number?
True
Is 73689683 a prime number?
True
Is 136067291 a prime number?
True
Is 5793302 a prime number?
False
Is 116862413 a prime number?
False
Is 193033 a prime number?
False
Is 1124946041 a composite number?
True
Is 20897729 composite?
False
Is 354454049 composite?
False
Is 12703739 composite?
False
Is 370545641 a prime number?
True
Is 344921387 a composite number?
True
Is 1415465 composite?
True
Is 108985511 prime?
True
Is 61027321 a composite number?
True
Is 11991313 composite?
False
Is 2172217 prime?
False
Is 976483253 a composite number?
True
Is 1825261 prime?
True
Is 18219647 a prime number?
True
Is 44401211 a composite number?
False
Is 139239067 a prime number?
False
Is 225317221 a prime number?
True
Is 574619 a composite number?
False
Is 10927759 composite?
False
Is 101944289 prime?
True
Is 690818933 a composite number?
True
Is 2390603 a composite number?
True
Is 9882029 a composite number?
False
Is 4832903 a composite number?
True
Is 4901815 a composite number?
True
Is 11252519 prime?
True
Is 73898519 a prime number?
True
Is 65928937 a composite number?
True
Is 68830319 prime?
False
Is 19542947 a prime number?
True
Is 38959487 composite?
True
Is 1957477 a composite number?
False
Is 72578617 composite?
True
Is 3713467 composite?
True
Is 135329 a prime number?
True
Is 3171887 composite?
True
Is 916501 a composite number?
False
Is 386051 a prime number?
True
Is 277936573 composite?
True
Is 9014711 a prime number?
False
Is 36709949 composite?
True
Is 3403967 a prime number?
False
Is 2732729 composite?
True
Is 44348501 composite?
False
Is 16027377 composite?
True
Is 17695357 a prime number?
True
Is 37241371 a composite number?
True
Is 12710441 a prime number?
False
Is 9478243 a prime number?
False
Is 16244953 a prime number?
True
Is 23785991 composite?
True
Is 1211719 a composite number?
False
Is 14137631 prime?
True
Is 1337689 a prime number?
True
Is 3831053 a prime number?
False
Is 168247 a composite number?
False
Is 15249889 prime?
False
Is 8765 composite?
True
Is 358360267 a composite number?
False
Is 1379753 a prime number?
True
Is 23067931 prime?
True
Is 35127607 composite?
False
Is 31187833 composite?
True
Is 20022581 a prime number?
False
Is 104035 a prime number?
False
Is 41243977 a prime number?
True
Is 754591 a composite number?
True
Is 139635311 prime?
True
Is 85997573 prime?
False
Is 11494961 a prime number?
True
Is 210828977 composite?
False
Is 152843213 prime?
True
Is 7170311 a composite number?
True
Is 178198249 prime?
True
Is 12708079 a prime number?
True
Is 632797 composite?
True
Is 2795651 a composite number?
True
Is 32813753 a composite number?
True
Is 40027415 a prime number?
False
Is 37983211 composite?
True
Is 4524837 a prime number?
False
Is 228409 composite?
False
Is 2426881 composite?
True
Is 58811 prime?
False
Is 307423 a prime number?
True
Is 298087 composite?
False
Is 23798057 a prime number?
False
Is 370679 a prime number?
True
Is 4167187 composite?
False
Is 159018271 composite?
False
Is 24345637 composite?
False
Is 18328382 a composite number?
True
Is 602029 composite?
False
Is 60731443 composite?
False
Is 2085949 composite?
True
Is 645443431 a prime number?
False
Is 9588023 composite?
False
Is 11899221 a composite number?
True
Is 80916943 a prime number?
True
Is 97821821 prime?
False
Is 3055433 composite?
True
Is 303820313 a composite number?
False
Is 10276571 a prime number?
True
Is 99487 a composite number?
False
Is 369791 prime?
True
Is 288239 composite?
True
Is 7478239 prime?
False
Is 476988221 a composite number?
False
Is 5146153 composite?
False
Is 18303661 composite?
False
Is 49053449 a prime number?
False
Is 81156367 a prime number?
True
Is 871945301 a prime number?
False
Is 191531 composite?
False
Is 4551297 a composite number?
True
Is 1318049 prime?
False
Is 576110651 a composite number?
False
Is 168475331 prime?
True
Is 190361593 composite?
True
Is 3623123 prime?
False
Is 143829683 a composite number?
True
Is 2851939 composite?
False
Is 22955329 composite?
False
Is 69669697 prime?
True
Is 146372767 a prime number?
True
Is 12653161 a composite number?
True
Is 91230261 prime?
False
Is 8412443 composite?
True
Is 11080483 prime?
False
Is 20182039 composite?
False
Is 18124139 prime?
False
Is 22765217 a prime number?
True
Is 131085127 composite?
False
Is 1542453157 prime?
False
Is 11257487 prime?
False
Is 919460587 composite?
False
Is 42922541 prime?
False
Is 579931 a prime number?
False
Is 73120191 a prime number?
False
Is 829895653 a composite number?
False
Is 55109513 a composite number?
False
Is 157784747 a prime number?
True
Is 5953817 prime?
False
Is 13499047 prime?
False
Is 15406269 prime?
False
Is 423763 prime?
True
Is 1688623 composite?
False
Is 296053703 composite?
True
Is 405434 prime?
False
Is 5180767 a prime number?
False
Is 1036153 prime?
True
Is 19041727 a composite number?
True
Is 95383207 composite?
True
Is 339905177 composite?
False
Is 2933773 prime?
True
Is 395509 composite?
False
Is 24192211 a composite number?
True
Is 61306643 a composite number?
True
Is 165526421 a prime number?
True
Is 433977 composite?
True
Is 1839707 a prime number?
False
Is 5517827 prime?
False
Is 142898137 prime?
True
Is 3080677 a composite number?
False
Is 18341993 prime?
False
Is 1215193 a composite number?
True
Is 6208823 prime?
False
Is 24016451 a prime number?
True
Is 5067593 prime?
False
Is 326870123 a prime number?
True
Is 4584401 composite?
False
Is 225724363 prime?
True
Is 9786605 a prime number?
False
Is 142362613 a prime number?
False
Is 631153801 a composite number?
False
Is 38773255 composite?
True
Is 8657 a composite number?
True
Is 9430199 prime?
True
Is 860351 prime?
True
Is 1203607 prime?
True
Is 13421477 composite?
True
Is 44261701 a prime number?
False
Is 728128943 a prime number?
True
Is 446597 a prime number?
True
Is 36873647 a prime number?
True
Is 8399626 a composite number?
True
Is 106032283 prime?
False
Is 21603742 a prime number?
False
Is 1023521 prime?
True
Is 3721537 a prime number?
True
Is 1770407 a composite number?
True
Is 6632089 a prime number?
False
Is 450691 a composite number?
False
Is 402500867 prime?
True
Is 266517497 a prime numb